. Suppose v = n - 0*n - 99. Calculate the highest common factor of n and 9.
9
Let a be ((-12)/10)/((63/70)/(-9)). Calculate the greatest common factor of a and 48.
12
Let x(i) = -i**2 - 25*i - 34. Let b be x(-19). Suppose -39 = -3*l - 3*y, -5*l + 31 = -l - 3*y. What is the greatest common divisor of b and l?
10
Let u(j) = 13*j**3 + j**2 - j + 1. Let w be u(1). Let x(r) = 3*r - 12. Let l be x(w). What is the greatest common divisor of l and 45?
15
Let r(v) = 65*v + 1. Let f = -3 + 10. Let t(n) = 66*n + 1. Let u(b) = f*r(b) - 6*t(b). Let d be u(1). What is the highest common factor of d and 15?
15
Let o(z) = -3*z - 1. Let v(u) = 3*u + 1. Let f be v(-1). Let w be o(f). Suppose w = r - 19. Calculate the greatest common divisor of r and 8.
8
Let o be (-9)/6*(-11)/(33/10). Let b = -32 + 144. Suppose 0 = -5*h + b + 113. What is the greatest common divisor of h and o?
5
Let q(r) = -r**2 - 7*r + 3. Let f be q(-7). Suppose -3*z = -4*z + f. Suppose -1 = 3*u - 2*v - 0, v = -u + 3. Calculate the greatest common divisor of z and u.
1
Suppose -6*v + 37 = -101. Calculate the highest common factor of v and 23.
23
Suppose 3*k - 1 = 11. Let x be (2/k)/((-3)/(-648)). Calculate the highest common divisor of x and 12.
12
Let y = 561 + -281. Calculate the greatest common factor of y and 112.
56
Suppose 0 = 6*o - 4*o - 20. Calculate the greatest common divisor of o and 110.
10
Suppose -g + 3 = -1. Suppose -u + 2 = -g*q - 4, 3*q - 43 = -4*u. What is the highest common factor of u and 10?
10
Let c(p) = 109*p**3 + p**2 + p - 1. Let l be c(1). Calculate the highest common factor of l and 10.
10
Let c be ((-10)/4)/((-4)/(-8)). Let o(z) = z**2 + 4*z - 2. Let t be o(-4). Let r = t - c. Calculate the highest common divisor of 3 and r.
3
Let t = 111 - 55. Suppose 0 = 3*b, -4*w - 3*b = -5*w + 84. What is the highest common factor of t and w?
28
Suppose 5*n = -1281 + 261. Let l be 18/30 - n/10. Calculate the greatest common divisor of l and 105.
21
Suppose 4*m - 4*t = 272, -4*m + 300 = 3*t - 0*t. Suppose -4*x - 2*u + m = 2*u, -3*x + 44 = -2*u. What is the highest common factor of x and 4?
4
Suppose 110 = 12*t - 106. Calculate the greatest common factor of t and 144.
18
Let q = 16 - -5. Suppose q = 2*j + j. Calculate the greatest common factor of j and 7.
7
Suppose 3 = 3*g - 4*c - 5, -c = -g + 2. Let a = 0 - g. Let j = a - -10. Calculate the greatest common divisor of 80 and j.
10
Let v(m) = -m**3 - m**2 + m - 2. Let x be v(0). Let a(i) = -4*i**2 - i + 2. Let y be a(x). Let d = y - -17. Calculate the highest common divisor of 15 and d.
5
Suppose 0 = 5*x - 5*j - 25, -4*j + 0*j - 16 = 0. Let o be 50 + x*2*-1. Let v be ((-6)/(-7))/(1/14). What is the greatest common divisor of o and v?
12
Suppose -3*b = 3*v - 5*v + 60, b = 0. What is the highest common divisor of 120 and v?
30
Let d(v) = -v**2 - 3*v + 100. Let t be d(0). What is the greatest common divisor of 20 and t?
20
Suppose -4*w + 796 = 76. Calculate the highest common divisor of w and 20.
20
Suppose -5*s + 77 = -13. Let z(f) = -f**3 + 2*f. Let u be z(-3). Suppose u = 5*h - 39. Calculate the highest common divisor of s and h.
6
Let z = 304 - 216. Suppose -v - z = -2*k + v, 56 = k - 4*v. What is the greatest common factor of 10 and k?
10
Let a(r) = -40*r**3 + 3*r + 2. Let l be a(-1). Calculate the greatest common divisor of 39 and l.
39
Let o = -3 + -3. Let i be (-142)/o - 5/(-15). Suppose 0 = -3*m - 0*m + 9. Calculate the highest common divisor of i and m.
3
Let a(u) = 3*u + 30. Let s be a(-9). What is the greatest common factor of s and 24?
3
Suppose -2*o = 4*o - 216. Calculate the highest common divisor of 4 and o.
4
Let z be (1*-5)/((-21)/6 + 3). Calculate the highest common factor of 4 and z.
2
Suppose 8*n = 3*n + 605. Calculate the greatest common divisor of 11 and n.
11
Let i = 7 - -19. Suppose 0 = -4*x + z + 416, 6 + 98 = x - z. What is the highest common divisor of x and i?
26
Suppose 250 = 3*i + 2*i. What is the highest common factor of i and 20?
10
Suppose -2*n = -4*n + 100. Calculate the greatest common factor of n and 5.
5
Suppose -83 = 5*t - 2*s, 5*t - 2*s - 2*s + 91 = 0. Let b = 17 + t. What is the greatest common divisor of b and 16?
2
Suppose -1 = p - 3. What is the highest common factor of p and 2?
2
Let u(m) = -9*m. Let r be u(1). Let o = -5 - r. Suppose -z - 12 = -o*z. Calculate the greatest common divisor of z and 4.
4
Let j be (-40)/(-6)*3/1. Suppose 0*s + 8 = 2*s. Calculate the greatest common divisor of j and s.
4
Let z be (-3 + 9)*3/9. Let r be 4 - z - (-22 + 0). Calculate the greatest common factor of 3 and r.
3
Let h be -4*1*(-1)/2. Let o be (-36)/(-2) + 1*h. Let y = 32 - o. What is the greatest common divisor of 30 and y?
6
Let i(p) = -p**3 - 13*p**2 - 13*p + 16. Let z be i(-12). Calculate the greatest common divisor of 252 and z.
28
Let l be 56/3*(6 - 144/42). What is the greatest common factor of l and 36?
12
Let j(a) = a**2 + a. Let h be 4/(-14) + (-114)/42. Let v be j(h). What is the greatest common divisor of v and 4?
2
Suppose 0 = 5*b - 10*b + 20, -20 = -4*m + b. What is the highest common divisor of m and 2?
2
Suppose 4*l - 10 = -l. Suppose 4*t = 6 - l. Let f be t - (9*-1 + -2). What is the greatest common divisor of 8 and f?
4
Let d = 6 + -7. Let f(r) = 11*r**2 - 2*r - 1. Let h be f(d). Let j be (2 + -4)/(-1) - -1. Calculate the highest common factor of j and h.
3
Let f be (-3)/3 - 0 - -71. Let a(k) = -k**3 - 8*k**2 + 9*k + 10. Let w be a(-9). Calculate the greatest common divisor of f and w.
10
Let q(i) = i + 9. Let s be q(11). Let n(f) be the second derivative of -f**3/6 + 9*f**2/2 + f. Let r be n(5). What is the highest common factor of s and r?
4
Suppose 4*n + n + 2*s = 37, 2 = 2*s. Suppose 272 = x + 5*q, 3*q - n*q = 2*x - 574. Calculate the greatest common factor of x and 33.
33
Let j be ((-85)/(-15) + -5)/((-2)/(-792)). Suppose 0 = -4*w + 23 + 73. Calculate the greatest common divisor of j and w.
24
Let k be 32 + 5 + (-1 - 0). Suppose 0*p - k = -4*p. What is the greatest common divisor of 72 and p?
9
Let g be (-2)/1 - (402 + -6)/(-6). Calculate the greatest common divisor of 8 and g.
8
Suppose 0*d - 6 = -3*d. Suppose 26 = d*z + 4*p, -4*p + 15 = -z + p. Let f = 19 - z. What is the greatest common factor of f and 56?
14
Let b be ((-33)/1)/(-3) - -3. Let o be (-12)/(-42) - (-3034)/b. Calculate the highest common divisor of 31 and o.
31
Let k be (-4 - -26)*14/4. Let n = 0 + -3. Let m(p) = -p**3 - 2*p**2 - p - 1. Let f be m(n). What is the highest common factor of k and f?
11
Let y be -4*13*-1 - -3. Let k be 214/10 - 22/y. Calculate the greatest common divisor of 7 and k.
7
Suppose -5*z + 12 + 18 = 0. Let s be 9 + 1*z/3. What is the highest common factor of 99 and s?
11
Suppose -3*m - 72 = -4*m. Calculate the highest common divisor of m and 9.
9
Let z(s) = -125*s**2 + 2*s + 2. Let u(g) = -188*g**2 + 3*g + 3. Let m(a) = 5*u(a) - 8*z(a). Let b be m(-1). Calculate the highest common divisor of b and 12.
12
Suppose -48 = -2*d - 0*d. Suppose 0 = 5*w - 2*t - 300, w + 2*t - 42 = 18. What is the greatest common divisor of w and d?
12
Suppose 4*s = -2*z + 18, -3*z - 5*s + 15 = -3*s. Calculate the highest common divisor of z and 3.
3
Suppose 7*c - 33 = 6*c. What is the highest common divisor of c and 3?
3
Let y(v) = 2*v**2 + 4*v. Let j be y(-3). Suppose 4*n - 48 = -f, 0*n = 2*n - j. Calculate the highest common divisor of 4 and f.
4
Let t = 6 + -5. What is the highest common factor of 5 and t?
1
Let q = 6 + -14. Let h(b) = -2*b - 5. Let c be h(q). What is the highest common divisor of c and 44?
11
Suppose 3*o - 296 + 80 = 0. Calculate the highest common factor of 108 and o.
36
Suppose 9 + 6 = -5*m. Let z be (1 - (-2 - m))/2. Let s = 4 + z. What is the highest common factor of s and 20?
4
Let g(s) = 4*s**3 - 2*s - 5*s**3 + 0*s**3 + 5*s**2. Let b(k) = -k**2 - k + 3. Let t be b(0). Let m be g(t). What is the highest common divisor of 132 and m?
12
Let s be 1*6/9*-3. Let n be 1*16 + s + -1. Let k be (0 - 312/(-3)) + 0. What is the highest common divisor of k and n?
13
Let j(a) = 133*a. Let v be j(1). Suppose 5*t = 4*g - v + 35, -24 = -g + t. Let u be 1/2 - (-6)/4. What is the greatest common divisor of g and u?
2
Let s = -33 - -45. What is the greatest common divisor of 18 and s?
6
Suppose -3*q - 2 